{"id":1928,"date":"2022-03-08T09:51:51","date_gmt":"2022-03-08T08:51:51","guid":{"rendered":"https:\/\/effetilt.com\/qui-suis-je\/"},"modified":"2023-09-11T14:44:00","modified_gmt":"2023-09-11T12:44:00","slug":"wer-bin-ich","status":"publish","type":"page","link":"https:\/\/nathalie-haberstroh.com\/de\/wer-bin-ich\/","title":{"rendered":"Wer bin ich?"},"content":{"rendered":"<p>[et_pb_section fb_built=&#8221;1&#8243; disabled_on=&#8221;on|off|off&#8221; admin_label=&#8221;Qui suis je Ordinateur&#8221; _builder_version=&#8221;4.16&#8243; _module_preset=&#8221;default&#8221; background_color=&#8221;rgba(173,168,166,0.21)&#8221; background_enable_image=&#8221;off&#8221; global_colors_info=&#8221;{}&#8221;][et_pb_row column_structure=&#8221;1_2,1_2&#8243; make_equal=&#8221;on&#8221; _builder_version=&#8221;4.18.0&#8243; _module_preset=&#8221;default&#8221; background_color=&#8221;rgba(173,168,166,0.21)&#8221; width=&#8221;100%&#8221; max_width=&#8221;2560px&#8221; custom_padding=&#8221;||||false|false&#8221; global_colors_info=&#8221;{}&#8221;][et_pb_column type=&#8221;1_2&#8243; _builder_version=&#8221;4.18.0&#8243; _module_preset=&#8221;default&#8221; background_enable_color=&#8221;off&#8221; background_image=&#8221;https:\/\/effetilt.fr\/wp-content\/uploads\/2022\/03\/Nathalie-Haberstroh-coach-bien-etre.jpg&#8221; background_position=&#8221;center_left&#8221; global_colors_info=&#8221;{}&#8221;][\/et_pb_column][et_pb_column type=&#8221;1_2&#8243; _builder_version=&#8221;4.16&#8243; _module_preset=&#8221;default&#8221; global_colors_info=&#8221;{}&#8221;][et_pb_text admin_label=&#8221;Qui suis je&#8221; _builder_version=&#8221;4.20.2&#8243; _module_preset=&#8221;default&#8221; header_2_text_color=&#8221;#833971&#8243; header_2_font_size=&#8221;30px&#8221; custom_padding=&#8221;25px|50px|25px|25px|false|false&#8221; global_colors_info=&#8221;{}&#8221;]<\/p>\n<h1><strong>Wer bin ich? <br \/><\/strong><\/h1>\n<p>Das Leben macht es uns nicht immer leicht&#8230; oder sind wir es, die es uns kompliziert machen?<\/p>\n<p>Wir sind in stetiger Entwicklung und manchmal machen wir gef\u00fchlte Riesenspr\u00fcnge und haben Erkenntnisse, die wirklich etwas ausmachen.<\/p>\n<p>Solch eine Erkenntnis hatte ich beim Lesen von <strong>&#8220;Ich denke zuviel&#8221;<\/strong> von Christel Petitcollin.<\/p>\n<p>Das hat mein ganzes Leben auf den Kopf gestellt &#8211; es hat pl\u00f6tzlich so Vieles Sinn gemacht!<\/p>\n<p>Ich war im reinen mit mir, nicht verr\u00fcckt oder krank oder dumm. Einfach nur anders und das war die Erlaubnis meines Lebens; sprichw\u00f6rtlich <strong>leben zu d\u00fcrfen, sein zu d\u00fcrfen<\/strong>&#8230;<\/p>\n<p>Eine Antwort auf einen Haufen Fragen, die bei mir schon sehr lange offenstanden und manch&#8217; einen in den Wahnsinn f\u00fchren k\u00f6nnen.<\/p>\n<p>All die Jahre des &#8220;Sich-falsch-f\u00fchlens&#8221;, des &#8220;anders sein m\u00fcssen&#8221;, um zu \u00fcberleben, um sich einen Platz zu verschaffen. Jahre des Leidens fanden ein Ende. Ich hatte eine neue Wahrheit erfahren. Eine grosse Erleichterung und gleichzeitig eine Riesenaufgabe, die neuen Erkenntnisse aufzuarbeiten!<\/p>\n<p>Ich musste nicht mehr aushalten &#8211; im Restaurant sitzen, w\u00e4hrend mir die Klimaanlage auf den Kopf pustet, mich auf eine Unterhaltung konzentrieren, obwohl ich durch ein grelles Licht geblendet werde, mich anstrengen, weil man das tut.<\/p>\n<p>Nein, ich durfte ICH sein. Hochempfindlich und intelligent. Sensibel und kreativ. Logisch, einf\u00fchlsam und anders. Selten eben, aber genauso wertvoll wie die Anderen.\u00a0<\/p>\n<p>Ich musste mich nicht mehr anpassen. Der Beginn der <strong>Freiheit<\/strong> und eines anderen Lebens!<\/p>\n<p>Meines Lebens.<\/p>\n<p>[\/et_pb_text][\/et_pb_column][\/et_pb_row][\/et_pb_section][et_pb_section fb_built=&#8221;1&#8243; disabled_on=&#8221;on|off|off&#8221; admin_label=&#8221;Comment ordinateur&#8221; _builder_version=&#8221;4.16&#8243; _module_preset=&#8221;default&#8221; background_color=&#8221;rgba(173,168,166,0.21)&#8221; background_enable_image=&#8221;off&#8221; global_colors_info=&#8221;{}&#8221;][et_pb_row column_structure=&#8221;1_2,1_2&#8243; make_equal=&#8221;on&#8221; _builder_version=&#8221;4.16&#8243; _module_preset=&#8221;default&#8221; background_enable_image=&#8221;off&#8221; width=&#8221;100%&#8221; max_width=&#8221;2560px&#8221; custom_padding=&#8221;||||false|false&#8221; global_colors_info=&#8221;{}&#8221;][et_pb_column type=&#8221;1_2&#8243; module_class=&#8221;centrer-verticalement&#8221; _builder_version=&#8221;4.16&#8243; _module_preset=&#8221;default&#8221; global_colors_info=&#8221;{}&#8221;][et_pb_text admin_label=&#8221;Qui suis je&#8221; _builder_version=&#8221;4.20.2&#8243; _module_preset=&#8221;default&#8221; header_2_text_color=&#8221;#833971&#8243; header_2_font_size=&#8221;30px&#8221; custom_padding=&#8221;50px|25px|50px|50px|false|false&#8221; global_colors_info=&#8221;{}&#8221;]<\/p>\n<h1>Wie?<\/h1>\n<p>Mit viel Zeit und <strong>Selbstliebe<\/strong> (naja am Anfang nicht&#8230; ich hatte einfach keinen Plan B); indem ich zuerst mein gesamtes <strong>Denkmuster<\/strong> absch\u00fctteln musste.<\/p>\n<p>Durch \u00fcben, hinfallen, aufstehen, weitermachen.<\/p>\n<p>Ich habe mir schon immer gew\u00fcnscht, es w\u00fcrde einmal so richtig krachen, ich w\u00fcrde zusammenbrechen und dann w\u00fcrde alles besser werden.<\/p>\n<p>Tja, so funktionniert es nicht. Es ist Arbeit und Anstrengung. Daran glauben, nie aufgeben. Die Aha-Erlebnisse tun gut und geben Hoffnung, manchmal hatte ich auch Spass. Es lohnt sich auf jeden Fall!<\/p>\n<p>Nach und nach wurde mein <strong>Selbstbild<\/strong> besser, meine Entscheidungen entsprachen mir und meine <strong>Zufriedenheit<\/strong> wuchs.<\/p>\n<p>Ich habe mein Leben an mich angepasst, mich an (fast, oft, immer \u00f6fter) erste Stelle gesetzt und meine Bed\u00fcrfnisse ernst genommen.<\/p>\n<p>Somit konnte ich z.B. Kleidungsst\u00fccke aussortieren, das Licht in meiner Wohnung anpassen, meinen Platz im Restaurant richtig aussuchen, auf manche Einladungen verzichten usw.<\/p>\n<p>Es war Schluss mit Unbequemlikeiten aushalten. Vorbei das Ganze &#8220;ich muss es dem Anderen recht machen&#8221;.\u00a0<\/p>\n<p>Na ja nicht andauernd, denn ich bin auch nur ein Mensch&#8230;<\/p>\n<p>[\/et_pb_text][\/et_pb_column][et_pb_column type=&#8221;1_2&#8243; _builder_version=&#8221;4.16&#8243; _module_preset=&#8221;default&#8221; background_enable_image=&#8221;off&#8221; background_position=&#8221;center_right&#8221; global_colors_info=&#8221;{}&#8221;][et_pb_image src=&#8221;https:\/\/effetilt.com\/wp-content\/uploads\/2022\/03\/NathalieHaberstroh-qui-suis-je.jpg&#8221; alt=&#8221;Nathalie Haberstroh Qui Suis Je&#8221; _builder_version=&#8221;4.16&#8243; _module_preset=&#8221;default&#8221; global_colors_info=&#8221;{}&#8221;][\/et_pb_image][\/et_pb_column][\/et_pb_row][\/et_pb_section][et_pb_section fb_built=&#8221;1&#8243; disabled_on=&#8221;off|on|on&#8221; admin_label=&#8221;Qui suis je T\u00e9l\u00e9phone&#8221; _builder_version=&#8221;4.16&#8243; _module_preset=&#8221;default&#8221; background_color=&#8221;rgba(173,168,166,0.21)&#8221; background_enable_image=&#8221;off&#8221; global_colors_info=&#8221;{}&#8221;][et_pb_row make_equal=&#8221;on&#8221; _builder_version=&#8221;4.16&#8243; _module_preset=&#8221;default&#8221; background_color=&#8221;rgba(173,168,166,0.21)&#8221; width=&#8221;100%&#8221; max_width=&#8221;2560px&#8221; custom_padding=&#8221;||||false|false&#8221; global_colors_info=&#8221;{}&#8221;][et_pb_column type=&#8221;4_4&#8243; _builder_version=&#8221;4.16&#8243; _module_preset=&#8221;default&#8221; background_enable_color=&#8221;off&#8221; background_enable_image=&#8221;off&#8221; background_position=&#8221;center_left&#8221; global_colors_info=&#8221;{}&#8221;][et_pb_image src=&#8221;https:\/\/effetilt.com\/wp-content\/uploads\/2022\/03\/Nathalie-Haberstroh-coach-bien-etre.jpg&#8221; title_text=&#8221;Nathalie Haberstroh Coach Bien \u00eatre&#8221; _builder_version=&#8221;4.16&#8243; _module_preset=&#8221;default&#8221; global_colors_info=&#8221;{}&#8221;][\/et_pb_image][et_pb_text admin_label=&#8221;Qui suis je&#8221; _builder_version=&#8221;4.20.2&#8243; _module_preset=&#8221;default&#8221; header_2_text_color=&#8221;#833971&#8243; header_2_font_size=&#8221;30px&#8221; custom_padding=&#8221;50px|25px|50px|50px|false|false&#8221; global_colors_info=&#8221;{}&#8221;]<\/p>\n<h1>Wie?<\/h1>\n<p>Mit viel Zeit und <strong>Selbstliebe<\/strong> (naja am Anfang nicht&#8230; ich hatte einfach keinen Plan B); indem ich zuerst mein gesamtes <strong>Denkmuster<\/strong> absch\u00fctteln musste.<\/p>\n<p>Durch \u00fcben, hinfallen, aufstehen, weitermachen.<\/p>\n<p>Ich habe mir schon immer gew\u00fcnscht, es w\u00fcrde einmal so richtig krachen, ich w\u00fcrde zusammenbrechen und dann w\u00fcrde alles besser werden.<\/p>\n<p>Tja, so funktionniert es nicht. Es ist Arbeit und Anstrengung. Daran glauben, nie aufgeben. Die Aha-Erlebnisse tun gut und geben Hoffnung, manchmal hatte ich auch Spass. Es lohnt sich auf jeden Fall!<\/p>\n<p>Nach und nach wurde mein <strong>Selbstbild<\/strong> besser, meine Entscheidungen entsprachen mir und meine <strong>Zufriedenheit<\/strong> wuchs.<\/p>\n<p>Ich habe mein Leben an mich angepasst, mich an (fast, oft, immer \u00f6fter) erste Stelle gesetzt und meine Bed\u00fcrfnisse ernst genommen.<\/p>\n<p>Somit konnte ich z.B. Kleidungsst\u00fccke aussortieren, das Licht in meiner Wohnung anpassen, meinen Platz im Restaurant richtig aussuchen, auf manche Einladungen verzichten usw.<\/p>\n<p>Es war Schluss mit Unbequemlikeiten aushalten. Vorbei das Ganze &#8220;ich muss es dem Anderen recht machen&#8221;.\u00a0<\/p>\n<p>Na ja nicht andauernd, denn ich bin auch nur ein Mensch&#8230;<\/p>\n<p>[\/et_pb_text][\/et_pb_column][\/et_pb_row][\/et_pb_section]<\/p>\n","protected":false},"excerpt":{"rendered":"<p>Wer bin ich? Das Leben macht es uns nicht immer leicht&#8230; oder sind wir es, die es uns kompliziert machen? Wir sind in stetiger Entwicklung und manchmal machen wir gef\u00fchlte Riesenspr\u00fcnge und haben Erkenntnisse, die wirklich etwas ausmachen. Solch eine Erkenntnis hatte ich beim Lesen von &#8220;Ich denke zuviel&#8221; von Christel Petitcollin. Das hat mein [&hellip;]<\/p>\n","protected":false},"author":1,"featured_media":0,"parent":0,"menu_order":5,"comment_status":"closed","ping_status":"closed","template":"","meta":{"_et_pb_use_builder":"on","_et_pb_old_content":"","_et_gb_content_width":"","footnotes":""},"class_list":["post-1928","page","type-page","status-publish","hentry"],"_links":{"self":[{"href":"https:\/\/nathalie-haberstroh.com\/de\/wp-json\/wp\/v2\/pages\/1928","targetHints":{"allow":["GET"]}}],"collection":[{"href":"https:\/\/nathalie-haberstroh.com\/de\/wp-json\/wp\/v2\/pages"}],"about":[{"href":"https:\/\/nathalie-haberstroh.com\/de\/wp-json\/wp\/v2\/types\/page"}],"author":[{"embeddable":true,"href":"https:\/\/nathalie-haberstroh.com\/de\/wp-json\/wp\/v2\/users\/1"}],"replies":[{"embeddable":true,"href":"https:\/\/nathalie-haberstroh.com\/de\/wp-json\/wp\/v2\/comments?post=1928"}],"version-history":[{"count":8,"href":"https:\/\/nathalie-haberstroh.com\/de\/wp-json\/wp\/v2\/pages\/1928\/revisions"}],"predecessor-version":[{"id":1942,"href":"https:\/\/nathalie-haberstroh.com\/de\/wp-json\/wp\/v2\/pages\/1928\/revisions\/1942"}],"wp:attachment":[{"href":"https:\/\/nathalie-haberstroh.com\/de\/wp-json\/wp\/v2\/media?parent=1928"}],"curies":[{"name":"wp","href":"https:\/\/api.w.org\/{rel}","templated":true}]}}

<p>[et_pb_section fb_built=&#8221;1&#8243; disabled_on=&#8221;on|off|off&#8221; admin_label=&#8221;Qui suis je Ordinateur&#8221; _builder_version=&#8221;4.16&#8243; _module_preset=&#8221;default&#8221; background_color=&#8221;rgba(173,168,166,0.21)&#8221; background_enable_image=&#8221;off&#8221; global_colors_info=&#8221;{}&#8221;][et_pb_row column_structure=&#8221;1_2,1_2&#8243; make_equal=&#8221;on&#8221; _builder_version=&#8221;4.18.0&#8243; _module_preset=&#8221;default&#8221; background_color=&#8221;rgba(173,168,166,0.21)&#8221; width=&#8221;100%&#8221; max_width=&#8221;2560px&#8221; custom_padding=&#8221;||||false|false&#8221; global_colors_info=&#8221;{}&#8221;][et_pb_column type=&#8221;1_2&#8243; _builder_version=&#8221;4.18.0&#8243; _module_preset=&#8221;default&#8221; background_enable_color=&#8221;off&#8221; background_image=&#8221;https://effetilt.fr/wp-content/uploads/2022/03/Nathalie-Haberstroh-coach-bien-etre.jpg&#8221; background_position=&#8221;center_left&#8221; global_colors_info=&#8221;{}&#8221;][/et_pb_column][et_pb_column type=&#8221;1_2&#8243; _builder_version=&#8221;4.16&#8243; _module_preset=&#8221;default&#8221; global_colors_info=&#8221;{}&#8221;][et_pb_text admin_label=&#8221;Qui suis je&#8221; _builder_version=&#8221;4.20.2&#8243; _module_preset=&#8221;default&#8221; header_2_text_color=&#8221;#833971&#8243; header_2_font_size=&#8221;30px&#8221; custom_padding=&#8221;25px|50px|25px|25px|false|false&#8221; global_colors_info=&#8221;{}&#8221;]</p>
<h1><strong>Wer bin ich? <br /></strong></h1>
<p>Das Leben macht es uns nicht immer leicht&#8230; oder sind wir es, die es uns kompliziert machen?</p>
<p>Wir sind in stetiger Entwicklung und manchmal machen wir gefühlte Riesensprünge und haben Erkenntnisse, die wirklich etwas ausmachen.</p>
<p>Solch eine Erkenntnis hatte ich beim Lesen von <strong>&#8220;Ich denke zuviel&#8221;</strong> von Christel Petitcollin.</p>
<p>Das hat mein ganzes Leben auf den Kopf gestellt &#8211; es hat plötzlich so Vieles Sinn gemacht!</p>
<p>Ich war im reinen mit mir, nicht verrückt oder krank oder dumm. Einfach nur anders und das war die Erlaubnis meines Lebens; sprichwörtlich <strong>leben zu dürfen, sein zu dürfen</strong>&#8230;</p>
<p>Eine Antwort auf einen Haufen Fragen, die bei mir schon sehr lange offenstanden und manch&#8217; einen in den Wahnsinn führen können.</p>
<p>All die Jahre des &#8220;Sich-falsch-fühlens&#8221;, des &#8220;anders sein müssen&#8221;, um zu überleben, um sich einen Platz zu verschaffen. Jahre des Leidens fanden ein Ende. Ich hatte eine neue Wahrheit erfahren. Eine grosse Erleichterung und gleichzeitig eine Riesenaufgabe, die neuen Erkenntnisse aufzuarbeiten!</p>
<p>Ich musste nicht mehr aushalten &#8211; im Restaurant sitzen, während mir die Klimaanlage auf den Kopf pustet, mich auf eine Unterhaltung konzentrieren, obwohl ich durch ein grelles Licht geblendet werde, mich anstrengen, weil man das tut.</p>
<p>Nein, ich durfte ICH sein. Hochempfindlich und intelligent. Sensibel und kreativ. Logisch, einfühlsam und anders. Selten eben, aber genauso wertvoll wie die Anderen. </p>
<p>Ich musste mich nicht mehr anpassen. Der Beginn der <strong>Freiheit</strong> und eines anderen Lebens!</p>
<p>Meines Lebens.</p>
<p>[/et_pb_text][/et_pb_column][/et_pb_row][/et_pb_section][et_pb_section fb_built=&#8221;1&#8243; disabled_on=&#8221;on|off|off&#8221; admin_label=&#8221;Comment ordinateur&#8221; _builder_version=&#8221;4.16&#8243; _module_preset=&#8221;default&#8221; background_color=&#8221;rgba(173,168,166,0.21)&#8221; background_enable_image=&#8221;off&#8221; global_colors_info=&#8221;{}&#8221;][et_pb_row column_structure=&#8221;1_2,1_2&#8243; make_equal=&#8221;on&#8221; _builder_version=&#8221;4.16&#8243; _module_preset=&#8221;default&#8221; background_enable_image=&#8221;off&#8221; width=&#8221;100%&#8221; max_width=&#8221;2560px&#8221; custom_padding=&#8221;||||false|false&#8221; global_colors_info=&#8221;{}&#8221;][et_pb_column type=&#8221;1_2&#8243; module_class=&#8221;centrer-verticalement&#8221; _builder_version=&#8221;4.16&#8243; _module_preset=&#8221;default&#8221; global_colors_info=&#8221;{}&#8221;][et_pb_text admin_label=&#8221;Qui suis je&#8221; _builder_version=&#8221;4.20.2&#8243; _module_preset=&#8221;default&#8221; header_2_text_color=&#8221;#833971&#8243; header_2_font_size=&#8221;30px&#8221; custom_padding=&#8221;50px|25px|50px|50px|false|false&#8221; global_colors_info=&#8221;{}&#8221;]</p>
<h1>Wie?</h1>
<p>Mit viel Zeit und <strong>Selbstliebe</strong> (naja am Anfang nicht&#8230; ich hatte einfach keinen Plan B); indem ich zuerst mein gesamtes <strong>Denkmuster</strong> abschütteln musste.</p>
<p>Durch üben, hinfallen, aufstehen, weitermachen.</p>
<p>Ich habe mir schon immer gewünscht, es würde einmal so richtig krachen, ich würde zusammenbrechen und dann würde alles besser werden.</p>
<p>Tja, so funktionniert es nicht. Es ist Arbeit und Anstrengung. Daran glauben, nie aufgeben. Die Aha-Erlebnisse tun gut und geben Hoffnung, manchmal hatte ich auch Spass. Es lohnt sich auf jeden Fall!</p>
<p>Nach und nach wurde mein <strong>Selbstbild</strong> besser, meine Entscheidungen entsprachen mir und meine <strong>Zufriedenheit</strong> wuchs.</p>
<p>Ich habe mein Leben an mich angepasst, mich an (fast, oft, immer öfter) erste Stelle gesetzt und meine Bedürfnisse ernst genommen.</p>
<p>Somit konnte ich z.B. Kleidungsstücke aussortieren, das Licht in meiner Wohnung anpassen, meinen Platz im Restaurant richtig aussuchen, auf manche Einladungen verzichten usw.</p>
<p>Es war Schluss mit Unbequemlikeiten aushalten. Vorbei das Ganze &#8220;ich muss es dem Anderen recht machen&#8221;. </p>
<p>Na ja nicht andauernd, denn ich bin auch nur ein Mensch&#8230;</p>
<p>[/et_pb_text][/et_pb_column][et_pb_column type=&#8221;1_2&#8243; _builder_version=&#8221;4.16&#8243; _module_preset=&#8221;default&#8221; background_enable_image=&#8221;off&#8221; background_position=&#8221;center_right&#8221; global_colors_info=&#8221;{}&#8221;][et_pb_image src=&#8221;https://effetilt.com/wp-content/uploads/2022/03/NathalieHaberstroh-qui-suis-je.jpg&#8221; alt=&#8221;Nathalie Haberstroh Qui Suis Je&#8221; _builder_version=&#8221;4.16&#8243; _module_preset=&#8221;default&#8221; global_colors_info=&#8221;{}&#8221;][/et_pb_image][/et_pb_column][/et_pb_row][/et_pb_section][et_pb_section fb_built=&#8221;1&#8243; disabled_on=&#8221;off|on|on&#8221; admin_label=&#8221;Qui suis je Téléphone&#8221; _builder_version=&#8221;4.16&#8243; _module_preset=&#8221;default&#8221; background_color=&#8221;rgba(173,168,166,0.21)&#8221; background_enable_image=&#8221;off&#8221; global_colors_info=&#8221;{}&#8221;][et_pb_row make_equal=&#8221;on&#8221; _builder_version=&#8221;4.16&#8243; _module_preset=&#8221;default&#8221; background_color=&#8221;rgba(173,168,166,0.21)&#8221; width=&#8221;100%&#8221; max_width=&#8221;2560px&#8221; custom_padding=&#8221;||||false|false&#8221; global_colors_info=&#8221;{}&#8221;][et_pb_column type=&#8221;4_4&#8243; _builder_version=&#8221;4.16&#8243; _module_preset=&#8221;default&#8221; background_enable_color=&#8221;off&#8221; background_enable_image=&#8221;off&#8221; background_position=&#8221;center_left&#8221; global_colors_info=&#8221;{}&#8221;][et_pb_image src=&#8221;https://effetilt.com/wp-content/uploads/2022/03/Nathalie-Haberstroh-coach-bien-etre.jpg&#8221; title_text=&#8221;Nathalie Haberstroh Coach Bien être&#8221; _builder_version=&#8221;4.16&#8243; _module_preset=&#8221;default&#8221; global_colors_info=&#8221;{}&#8221;][/et_pb_image][et_pb_text admin_label=&#8221;Qui suis je&#8221; _builder_version=&#8221;4.20.2&#8243; _module_preset=&#8221;default&#8221; header_2_text_color=&#8221;#833971&#8243; header_2_font_size=&#8221;30px&#8221; custom_padding=&#8221;50px|25px|50px|50px|false|false&#8221; global_colors_info=&#8221;{}&#8221;]</p>
<h1>Wie?</h1>
<p>Mit viel Zeit und <strong>Selbstliebe</strong> (naja am Anfang nicht&#8230; ich hatte einfach keinen Plan B); indem ich zuerst mein gesamtes <strong>Denkmuster</strong> abschütteln musste.</p>
<p>Durch üben, hinfallen, aufstehen, weitermachen.</p>
<p>Ich habe mir schon immer gewünscht, es würde einmal so richtig krachen, ich würde zusammenbrechen und dann würde alles besser werden.</p>
<p>Tja, so funktionniert es nicht. Es ist Arbeit und Anstrengung. Daran glauben, nie aufgeben. Die Aha-Erlebnisse tun gut und geben Hoffnung, manchmal hatte ich auch Spass. Es lohnt sich auf jeden Fall!</p>
<p>Nach und nach wurde mein <strong>Selbstbild</strong> besser, meine Entscheidungen entsprachen mir und meine <strong>Zufriedenheit</strong> wuchs.</p>
<p>Ich habe mein Leben an mich angepasst, mich an (fast, oft, immer öfter) erste Stelle gesetzt und meine Bedürfnisse ernst genommen.</p>
<p>Somit konnte ich z.B. Kleidungsstücke aussortieren, das Licht in meiner Wohnung anpassen, meinen Platz im Restaurant richtig aussuchen, auf manche Einladungen verzichten usw.</p>
<p>Es war Schluss mit Unbequemlikeiten aushalten. Vorbei das Ganze &#8220;ich muss es dem Anderen recht machen&#8221;. </p>
<p>Na ja nicht andauernd, denn ich bin auch nur ein Mensch&#8230;</p>
<p>[/et_pb_text][/et_pb_column][/et_pb_row][/et_pb_section]</p>

<p>Wer bin ich? Das Leben macht es uns nicht immer leicht&#8230; oder sind wir es, die es uns kompliziert machen? Wir sind in stetiger Entwicklung und manchmal machen wir gefühlte Riesensprünge und haben Erkenntnisse, die wirklich etwas ausmachen. Solch eine Erkenntnis hatte ich beim Lesen von &#8220;Ich denke zuviel&#8221; von Christel Petitcollin. Das hat mein [&hellip;]</p>
